3 + -2)?
-2
What is the value of -17 + 8 + 3 - (-8 + 5)?
-3
Evaluate -1 + -3 + 8 - 8.
-4
What is 35 + -16 + -20 + (-3 - 0)?
-4
18 + -6 + -7 + -14
-9
Calculate -2 - (3 - 0) - -1.
-4
Calculate (3 - -3) + (-12 + 6 - 0).
0
8 - (0 - (-11 + 2))
-1
3 + -4 + -2 + 3 + 0
0
1 + -1 + (7 - 4) + -2
1
Evaluate (0 + 0 - 3) + 4.
1
(-2 - -4) + 0 + 3
5
Calculate (0 - (0 + 0)) + 1.
1
(-13 - -4 - -2) + -1 + 3
-5
Evaluate 2 - (4 + (-8 - (2 + -4))).
4
Calculate -2 + (-4 - -13) + 0 + -5.
2
What is 1 + 1 + -3 + 0?
-1
What is -6 + (0 + -3 - -7) + -7?
-9
1 + (1 - 1) + (23 - 25)
-1
Calculate 1 + (-1 - 4 - 1).
-5
-2 - (0 + 1) - (30 + -30)
-3
Calculate (-4 - ((0 - -2) + -4)) + -2.
-4
Evaluate (1 - 2) + (9 - 5) + 2.
5
What is 1 - 4 - (-2 - 4 - -5)?
-2
Calculate -1 + 0 + -5 + 2.
-4
What is the value of (-24 - -22) + (4 - 1)?
1
What is 8 + -3 - ((-1 - -4) + 2)?
0
(7 + -10 - -4) + -3
-2
What is 13 + -1 + -60 + 49?
1
What is 1 + -11 + 10 + -3?
-3
4 + (-5 + 7 - (-1 + 2))
5
8 + -11 + (4 - 4) + 7
4
What is the value of 1 + 0 - (-11 + 5 + 6)?
1
Calculate (5 - (6 + 7 - 6)) + -5.
-7
Evaluate -6 + 10 - (-1 - (1 - 1)).
5
Evaluate (6 - -9) + 2 + -1 - 7.
9
What is 3 - (2 - (2 - 0 - 5))?
-2
Calculate 3 - 13 - (-8 - 1).
-1
Calculate 1 + 4 + -6 + 5.
4
What is the value of (-2 - 7) + 49 + -32?
8
22 - (-19 - -35) - (-1 + 2)
5
4 - (6 + -3) - 4
-3
Calculate 12 - (3 + 3) - 7.
-1
What is the value of -15 + 9 - (-6 - (0 - 1))?
-1
Evaluate -2 + 4 + 1 + -2 - -4.
5
Evaluate -4 + (-3 + 2 - 0).
-5
7 + (3 - (-10 - -16))
4
What is -9 + 2 - (-9 - -6) - -1?
-3
Evaluate -2 - -14 - (0 - -6).
6
Evaluate -2 + (5 - (5 + 0 + -3)).
1
(-2 - -3) + 3 + (10 - 11)
3
Evaluate -2 - (3 + 0 + -3).
-2
What is the value of 7 - (-5 + 5) - (1 - -8)?
-2
(-1 - 1) + 3 + 14 + -18
-3
(-2 - 1 - (53 + -54)) + -7
-9
Evaluate (2 - -7) + -7 + -7.
-5
What is 0 + 0 + 2 - (4 - 0)?
-2
Calculate (0 - -9) + (10 - (14 - -1)).
4
What is -1 + -16 - -10 - (-3 + 1)?
-5
Evaluate -5 + 9 + -5 - 1.
-2
Evaluate (9 - 5) + -7 + 4.
1
Evaluate (9 - (4 - 0)) + (1 - 4).
2
What is 0 - (8 - (2 - -2))?
-4
-9 - (-5 - -12) - -6
-10
Calculate 3 + -2 - (-7 - -10) - -7.
5
Evaluate 0 + 4 + 1 + -7.
-2
What is -2 - (-1 + -3 + -1)?
3
3 + (-7 - (2 + 3)) + 4
-5
What is 5 + (-1 - (-4 - -5)) + -2?
1
What is the value of -1 - (4 - (-3 + 2))?
-6
Calculate 3 - (-9 - -6 - -9).
-3
Evaluate -5 + 0 + (-8 - -18).
5
What is -1 - ((4 - (-3 - -6)) + -4)?
2
Evaluate -10 - (-3 - 3) - -1.
-3
What is the value of -3 + 6 + (-2 - 3)?
-2
11 + 3 + -22 - 1
-9
Evaluate 7 + -8 + (0 + -3 - 0).
-4
(-9 - -12) + 0 + 1
4
1 + (-1 + -2 - (12 - 17))
3
Evaluate 5 + -7 + -7 - -8.
-1
What is 0 + (5 - 4) + -5?
-4
What is the value of 3 + -10 + 5 - (0 - 1)?
-1
Calculate -13 - (7 + 12 + -25).
-7
What is the value of 37 + -34 - (-2 - 0)?
5
Evaluate 9 + (-7 - -3) + -1.
4
6 - -1 - (-3 - (-12 + 4))
2
What is -1 + (2 - -2) + (-1 - 0)?
2
Calculate -7 - ((7 - 4) + -1 + -12).
3
What is the value of -2 + -5 - -4 - (-14 - -12)?
-1
What is the value of 15 - (4 + -1 + 4)?
8
Evaluate 2 + 3 - (-3 + -1 + 3).
6
Calculate 24 + -13 + -9 + -6.
-4
What is -4 + (5 + (6 - 13) - -3)?
-3
(-15 + 8 - 14) + 10
-11
What is the value of -2 + -3 + 3 + 4 + -1?
1
Evaluate (0 - -3 - -1) + -4.
0
Evaluate 7 - 9 - (-2 + -2 + 3).
-1
15 + -17 - (1 + -3)
0
What is the value of 3 + 4 + -1 + -1?
5
5 + 2 - 19 - (1 + -7)
-6
Calculate -3 - ((-6 - -7) + (5 - 2)).
-7
What is (4 - -1) + (-11 - -2 - 3)?
-7
Evaluate (-6 - 1 - -12) + 1.
6
What is the value of 4 + -9 + 5 + 1 + 1?
2
-4 + (16 - 8) + 2
6
Evaluate -5 + 7 + 2 + -11 - -6.
-1
7 + (-10 - 2 - -7)
2
What is 1 - (5 + -3 + 5) - -9?
3
(4 - 4 - 1) + 1 - 2
-2
What is 2 - (0 + 8 + -6 - 2)?
2
Evaluate 16 + -12 - (8 + -1).
-3
Evaluate (2 - 1) + 0 + 1 + -4.
-2
Calculate 8 - (3 - 7 - -2).
10
Calculate 1 - 0 - (8 - 12) - 3.
2
Calculate 3 - 0 - (-8 - -4 - -2).
5
Evaluate 4 - (-5 - -5 - 1).
5
What is the value of 0 - (9 + -7) - 1?
-3
What is the value of 0 + (-4 - (-11 - (-5 - 1)))?
1
-7 - -1 - (-2 - 1)
-3
Evaluate 2 - (-1 + 13 + -5).
-5
Evaluate -1 - (-1 - (-3 - -5)).
2
Evaluate -2 - -3 - ((-6 - -7) + -5).
5
What is the value of -5 + -1 - (-20 + 11)?
3
Calculate 2 - (-12 + 3) - 3.
8
What is the value of -3 - (-12 - -5 - -1)?
3
-10 - (4 - (10 + 4))
0
Calculate -1 + 0 + 4 - (1 + -3).
5
Evaluate -4 + -4 + 7 + -1.
-2
Calculate 0 + (-2 - -3) - (-2 - -1).
2
Evaluate (-7 - (-7 + -5 + 4)) + -4.
-3
What is -1 + (-5 - -2) + 3?
-1
1 - (3 + 1) - (2 + 3)
-8
What is the value of 3 + -3 + 9 + -9 + 4?
4
What is the value of 1 + -12 + 11 - (10 - 1)?
-9
What is the value of (-1 - -3) + -16 + 8?
-6
Evaluate 2 + (-2 - -1) + 1 + -1.
1
What is 4 + (-8 - 0) - (-15 - -1)?
10
What is -12 - (-6 + -13 + 11)?
-4
What is the value of 21 + (-31 - -15) - (0 - -1)?
4
Evaluate 2 - -1 - (-11 - -17).
-3
What is the value of 3 + (-3 - (0 + -3 + 2))?
1
What is -2 - (-2 + -1 + -4 + 3)?
2
Calculate -3 + 2 + -15 + 9.
-7
Evaluate 4 + 0 + -5 + 6 + -12.
-7
What is 1 + (3 - 3) + -3?
-2
Calculate -27 + 34 + -1 + 0.
6
Evaluate (-3 + 6 - -2) + (-2 - 1).
2
What is 2 - (9 - 6) - (1 - -2)?
-4
What is -2 - (18 + -5 + -2 + -4)?
-9
12 + (6 - (0 + 10 - -1))
7
What is -4 + (-7 - -1 - (-11 + -3))?
4
Evaluate -2 - 2 - (-5 - -6).
-5
Calculate 0 - (-12 - (-6 - -1)) - 6.
1
What is the value of -4 + 3 + (7 + -1 - 14)?
-9
Evaluate -1 + (1 + -8 - -5).
-3
What is the value of 5 + (-1 - 13) + 7?
-2
Calculate 3 + 2 - (-2 + 1).
6
Evaluate 4 - ((-1 - -5) + 1) - -4.
3
What is the value of 3 + 0 - -8 - (-18 + 22)?
7
Evaluate 0 - (-12 + 3 + 1).
8
What is the value of -1 + 1 + -5 + 2 + 0?
-3
Evaluate (2 - 1) + (-14 - (-5 + -5)).
-3
(-8 - -1) + (58 - 58)
-7
Evaluate -8 + 3 + 4 + -4.
-5
What is the value of -1 + (7 - -1) + -3?
4
What is -4 + 0 - (4 + -10 - -2)?
0
What is (-2 + 9 - 1) + -5?
1
Calculate 3 - 5 - -6 - (2 + -3).
5
What is the value of -12 - (-1 - 3) - (-11 + 10)?
-7
What is -6 - -4 - (-8 - (4 + -3))?
7
5 - (9 + 7 + -7)
-4
What is the value of -2 - -3 - (-2 + -2)?
5
What is -1 + 6 + -3 + (0 - -3)?
5
What is the value of -3 + (-2 + 3 - (-8 + 10))?
-4
What is 1 - (-6 - (-12 - -1) - 1)?
-3
What is -1 - (0 + (-3 - -2))?
0
What is the value of (2 - 5) + 0 + 2?
-1
Evaluate 2 + 0 + -7 + 7.
2
Evaluate -1 - (-7 + 3) - -1.
4
Calculate 1 + 0 - (-2 - (1 - 8)).
-4
Calculate -1 - (2 - (1 - 3)) - 1.
-6
Calculate 1 + -2 + 0 + (-2 - -5).
2
What is -1 + (6 - 16) - -6?
-5
Evaluate (-7 - -7) + (-14 - -20).
6
What is the value of -4 + (4 + -1 - (-11 - -10))?
0
What is -10 - -14 - 10 - -13?
7
Calculate 9 - (6 - (7 + -4)).
6
Calculate 5 + -2 - (10 - 5).
-2
Calculate -1 - (0 + (-5 + -5 - -3)).
6
Evaluate (2 - -2 - 8) + 2.
-2
What is (10 - (-15 - -9)) + -9?
7
Calculate 14 - (-4 + 6 - -11).
1
What is the value of -1 + -2 - (-1 + -4 + 5)?
-3
Evaluate (2 - 1) + -4 - -1.
-2
Calculate 1 + (-1 - (-4 + 1)).
3
-1 + -2 - (11 + -6 + -10)
2
Evaluate -71 - -70 - (9 + -2).
-8
Calculate -2 + -3 + -2 + 10.
3
-6 + (7 - (0 + 3))
-2
What is 0 + (1 - (2 - (-5 + 5)))?
-1
What is -1 + -4 - (-8 + 3 + 2)?
-2
What is the value of -3 - (0 + -6) - (-8 + 4)?
7
Evaluate -17 + 15 + (-2 + 4 - -1).
1
What is -3 + 1 + (4 - 7) - -1?
-4
What is -15 + 1 + -140 + 150?
-4
Calculate -2 + 4 + -3 + -2.
-3
Calculate (-1 - -3) + (4 + -9 - -6).
3
Evaluate -7 + (7 - 9) + 13.
4
Calculate (8 - (-16 - -18)) + 1 + -6.
1
Calculate 3 - 5 - (-2 - 2).
2
What is the value of 3 + -17 + (23 - 16)?
-7
Calculate 2 + -2 - -5 - (7 - -1).
-3
Evaluate (-4 - -8) + (-7 - 4).
-7
Evaluate (0 + -4 - -2) + -2 + 5.
1
What is the value of -1 + (-11 - 0) + 7?
-5
What is the value of -4 + (4 - 9) + 3 + 5?
-1
Calculate -6 + 6 - (-4 + 1).
3
Evaluate (-15 - (11 - 17)) + 15.
6
6 - (-2 - (-3 + 0))
5
Evaluate -1 + 7 + -7 - (-1 - 4).
4
Evaluate -2 + (3 - 3 - -3).
1
What is (-6 + 7 - 3) + 0 + 6?
4
What is 13 - (3 + 1 + -2 + 3)?
8
3 + -1 - (23 + -24)
3
What is the value of 0 + (-3 + -1 - 1) - 1?
-6
Calculate -1 - (-16 - (-20 - -8)).
3
What is (-1 - -1 - 1) + 14 + -16?
-3
Calculate (1 - (0 + 7) - -4) + 1.
-1
Evaluate -5 + 12 - (-1 - -9).
-1
Calculate 0 + -1 - (-30 + 24).
5
What is the value of 5 + -11 + (0 - 3) + 5?
-4
Evaluate 4 + 3 + (-5 + 4 - 2).
4
Evaluate 0 - (4 + -1) - -7.
4
What is -7 + 1 - (10 + -13) - 0?
-3
-5 + 0 + 6 + -8
-7
Calculate -1 - ((-13 - 3) + 9).
6
What is -2 - 1 - (-5 - (2 - 3))?
1
Calculate 4 + (5 - 2) - (2 + 3).
2
Evaluate 7 + (-3 - (5 + -3 + -3)).
5
